*k**3 - 2*k**2 + 2*k - 1. Let z be n(1). Is 1*z/(12/(-1192)) a prime number?
False
Let h(t) = -54*t**2 + t + 4. Let m be h(-3). Let g = m - -1533. Let a = -561 + g. Is a prime?
True
Let n be (6/(-9))/((-3)/63). Let v = n + -9. Suppose -3*o - 3 = 0, v*m + o - 4442 = -2*o. Is m prime?
False
Let q(m) = -13*m**3 + 21*m**2 + 18*m + 31. Let g(x) = 7*x**3 - 11*x**2 - 9*x - 16. Let k(d) = 11*g(d) + 6*q(d). Is k(-4) composite?
True
Suppose z = -1, 1652 - 14569 = -2*k + 3*z. Is k composite?
True
Let t(s) = s**3 + s**2 - 8*s - 4. Let w(a) = -a**3 - a**2 + a - 1. Let k(f) = t(f) - w(f). Is k(6) a composite number?
True
Let z = 184 - 268. Let h be z/((-3)/258*4). Let b = h - 737. Is b a composite number?
False
Suppose 2*x = -5*u + 9755, -u = 24*x - 26*x + 9773. Is x composite?
True
Suppose 3*b = b + 10. Suppose 2*d = -4*v + 1416, b*d = -2*v + 2025 + 1507. Suppose -2*k + d = -0*k. Is k prime?
True
Let x(r) = 11*r**3 + 7*r**2 - r - 10. Let b be x(-5). Let u = b - -2686. Is u composite?
False
Let g(o) = 5*o**3 - 26*o**2 + 5*o - 5. Is g(9) a prime number?
True
Suppose -4*q + 4 = -4. Suppose q*i + i = 324. Suppose 5*c - 6*c = -2*v + i, 2*c = 2*v - 106. Is v a composite number?
True
Suppose 3 = -y, -16 = -5*o - 2*y - y. Suppose o*w = 7*w - 6. Suppose -2*i + 70 = 5*s, 0 = -s + w*s. Is i a composite number?
True
Let b(s) = 35*s - 41. Let j be b(6). Let i = j - -422. Is i composite?
True
Let t(l) = 5*l**2 - 5*l - 9. Let g be t(-6). Let b(z) = -19*z - 73. Let h be b(-4). Suppose -h*y - g = -6*y. Is y prime?
True
Suppose 0 = -3*y - 6 + 9. Let q be 5164 - 0 - 3*y. Is (-12)/66 + q/11 a prime number?
False
Let h(d) = 13*d**2 - d - 5. Let r(v) = v**3 - 3*v**2 - 4*v + 4. Let n be r(4). Is h(n) composite?
False
Let q(l) = 94*l - 27. Is q(2) prime?
False
Is (-1305)/174*((-21478)/3 - 0) composite?
True
Let p = 9 + -13. Let h = -1 - p. Suppose -k = h*k - 620. Is k a composite number?
True
Let z(a) = -2654*a + 251. Is z(-16) prime?
False
Let p = 18 + -10. Suppose 2*u - 6*u = -p. Suppose 4*z + 5*r + 1 = 0, u*z - 6 - 21 = 3*r. Is z composite?
True
Suppose 2*v + 2*v - 19556 = 0. Is v composite?
False
Let k(w) = 2*w + 8. Let c be k(11). Suppose -a + c = -85. Let t = a + -48. Is t a prime number?
True
Let z(w) = 1 + 3 - 5*w + 5 + w**2 + 0. Is z(7) a composite number?
False
Suppose -5*j = 4*d + 1057, 3*d - 200 = j - 0*d. Let r be 2/6 + j/33. Is (r/1)/(-2) + 131 composite?
True
Let l be (-1 - 1) + 8 + -1. Let y be ((-396)/144)/(1/(-20) - 0). Suppose -d = 4*i - 25, l*i - y = 2*d - 14. Is i composite?
False
Let h(i) be the third derivative of 77*i**4/8 + 19*i**3/6 + 11*i**2. Is h(8) prime?
True
Suppose a + 5*l = -0*a + 401, 0 = 5*a - 4*l - 1947. Is a composite?
True
Let b = -741 + 1100. Suppose -2*z + 60 = -40. Let q = b + z. Is q a prime number?
True
Let q(y) = -5*y**3 + 6*y**2 + 1. Let i(f) = -9*f**3 + 11*f**2 + f + 2. Let u(d) = -3*i(d) + 5*q(d). Let a = -10 + 14. Is u(a) a prime number?
True
Let b(x) be the second derivative of 3*x**4/4 - x**3/3 + 4*x**2 - 5*x. Is b(3) a prime number?
True
Let t be ((-148)/481)/((-1)/13). Let g(y) = 3*y**2 - 1 - 8*y**2 + y + 13*y**3 + 2*y**2. Is g(t) a composite number?
False
Let v = 5199 - 2272. Is v a prime number?
True
Suppose -63*y + 12 = -59*y. Suppose y*w - 1532 = 7591. Is w a composite number?
False
Suppose 0 = -18*o + 12*o + 6834. Is o composite?
True
Suppose 15 = 4*l + 2*m - 19, 0 = -l - 5*m + 31. Let x be 22/33 + 506/l. Suppose 3*d = -2*d - 5*g + x, -4*d - g + 80 = 0. Is d a prime number?
False
Let s = 5525 - 2182. Is s a composite number?
False
Let t be (-1 - 8)/((-9)/(-12)). Let d = -7 - t. Suppose -d*p - 25 = 0, 5*p - 483 = c - 5*c. Is c composite?
False
Let b = -2472 + 10209. Is b prime?
False
Let b(y) = -y**2 + 19*y + 11. Let q be b(20). Is (q/(-6))/(5/130) composite?
True
Suppose -5*y - 13083 = -45688. Is y prime?
True
Is (4*(-2)/(-32))/(2/150296) composite?
False
Let n be (-2)/5 + 403/(-5). Let d be (-2 + 0 + 0)*-1. Is d + -5 - (1 + n) prime?
False
Suppose -2*g = -6*g - 48. Let l be (-24)/g + 0 + -5. Is -10*(-1)/(l - -4) a composite number?
True
Let z = -37 + 39. Suppose h = z*h - 85. Is h prime?
False
Suppose 395 = -5*i + 5*u, -5*i = 2*u - u + 425. Suppose -n - 143 - 23 = 0. Let v = i - n. Is v a prime number?
False
Let f(z) = z**3 - z + 7. Let w be f(-6). Let o = w + -1198. Let v = -812 - o. Is v prime?
False
Let y be ((-15)/5)/((-2)/6). Let k(t) be the third derivative of t**5/20 - t**4/3 + t**3 + 2*t**2. Is k(y) a composite number?
True
Let t = -29 - -33. Suppose -8 = -4*v, -2*v = -5*r - t*v + 2009. Is r a composite number?
False
Suppose 2*g - 2*a - 658 = 0, -144 = -5*g + 2*a + 1507. Is g prime?
True
Suppose 2*t - 7338 = 10268. Is t a prime number?
True
Suppose p - 2*l = 299, -4*p - 2*l + 0*l + 1236 = 0. Suppose p = -8*v + 1019. Is v a prime number?
True
Suppose 0 = 2*u - 6630 + 356. Is u composite?
False
Suppose 0*j + 2*j = 4*o, 0 = -3*j - o + 14. Suppose j*r - 7874 = 2*b, 0*b - 5 = -5*b. Is r a prime number?
False
Suppose -4*g = -0 + 80. Let b be ((-2)/5)/(2/g). Suppose -284 = -b*n + 240. Is n a composite number?
False
Let b(s) = -s - 2. Let d be b(-4). Suppose -5*x + 2574 = -3*m - 1055, -d*x = -5*m - 1444. Is x composite?
False
Let z = -73 - -123. Let b = -13 + z. Is b*(-1 + 15)/2 composite?
True
Suppose -3*z = -15 - 3. Suppose z*y - 8560 - 422 = 0. Is y prime?
False
Let v(c) = -1 - 28*c + 57*c - 27*c + 2*c**2. Is v(-7) prime?
True
Suppose 1135 = -4*b - 1065. Suppose u - 4*l = 1037, 4*u + l - 4124 = 5*l. Let o = b + u. Is o prime?
True
Let v = -14483 + 43182. Is v a composite number?
True
Let l = 203 - 188. Let i(a) = 32*a**3 - 3*a**2 - 3*a - 2. Let o be i(3). Suppose -o = -17*v + l*v. Is v composite?
True
Let l(r) = -2562*r**3 - r**2 - 8*r + 5. Is l(-2) prime?
False
Let u(z) = z**3 - 3*z + 1. Let c be u(2). Suppose -24*r = -28*r + 16. Suppose 0 = r*f + 3*q - 1019, -3*f - c*q + 1276 = 2*f. Is f a composite number?
False
Let l(v) = v + 3. Let r be l(0). Suppose r*t + 2*n = 6*n + 1189, -4*n + 423 = t. Let w = t - 242. Is w prime?
False
Let r(m) = -20*m + 2. Let t be r(3). Suppose 4*b = -4*s + 977 - 245, -4*b - s + 738 = 0. Let f = b + t. Is f a composite number?
False
Suppose x - 40 = 2*c + 5*x, 0 = -2*x - 2. Is (-3)/(-2) - 20691/c a composite number?
False
Let l(z) = -62*z - 53. Is l(-6) a composite number?
True
Let m(b) = 6*b**3 - 12*b**2 - 5*b - 30. Is m(11) a composite number?
False
Suppose -8*j = 4*j - 65508. Is j prime?
False
Suppose -5*o + 0 + 10 = 0. Let i(h) = 2*h**2 + 6*h + 3*h**2 + o*h - 2*h**2 - 8. Is i(-7) composite?
False
Let z = 238 - 433. Let y be 4/26 - 3675/z. Let l = y + -8. Is l a prime number?
True
Let u = 204 + -201. Let z = 2 - -2. Suppose 173 + z = u*v. Is v a composite number?
False
Let y(g) = g**3 + 19*g**2 - 11*g - 3. Let p be y(-19). Let x = 81 + p. Is x composite?
True
Let u = 133 + -132. Is (-1)/(-2)*604 + u a prime number?
False
Suppose 55*g = 56*g - 5127. Suppose -6*u + g = 693. Is u a composite number?
False
Let s(u) = 27*u**2 - 6*u - 7. Let t(p) = p. Let c(a) = s(a) - 3*t(a). Is c(-13) composite?
False
Suppose g - 129 = 2*g. Let m = -87 - g. Let c = m - -11. Is c a prime number?
True
Let q = 5 + -9. Let p = -2 - q. Suppose 176 = p*a + 46. Is a a composite number?
True
Suppose 10249 = 2*x - 9877. Is x composite?
True
Let j(o) = -9*o + 1. Let b = -40 - -35. Is j(b) composite?
True
Let b(t) = 11*t + 22. Let n be b(8). Let c = n - -827. Is c prime?
True
Let s be (195/52)/(2/(-8)). Let l = s + 48. Is l a composite number?
True
Let l = -9070 - -18659. Is l a composite number?
True
Let b = -61 - -63. Suppose -b*j - 5*u + 422 = 0, 143 + 65 = j + u. Is j a composite number?
True
Let q = 50 - -25. Let j = q + -129. Let v = -33 - j. Is v a composite number?
True
Let k be 30/4*(-8)/6. Let r be (0 - 1)/(2/k). Suppose 2*p + 4*g = r*g + 969, -954 = -2*p + 4*g. Is p composite?
False
Suppose -10*d + 11024 = -32886. Is d composite?
False
Let b be (-4)/18 + (-121)/(-99). Suppose -2*y - 10 = 3*y - s, -s + b = 4*y. Is (y/2)/((-1)/194) a prime number?
True
Let k(i) = 2*i**2 - 3*i - 4. Let n be k(3). Suppose n*f = -0*f. Is (159 + -1)/(f - -2) composite?
False
Let t(i) = -96*i**2 + 3*i - 5. Let o(v) = v**2 + v. Let g(p) = -2*o(p) - t(p). Is g(2) a prime number?
False
Let g = 33394 + -22421. Is g composite?
False